{"id":399,"date":"2021-03-17T13:25:51","date_gmt":"2021-03-17T12:25:51","guid":{"rendered":"https:\/\/bpf.flaw.uniba.sk\/?page_id=399"},"modified":"2023-06-19T10:24:42","modified_gmt":"2023-06-19T08:24:42","slug":"sekcia-teorie-prava-filozofie-prava","status":"publish","type":"page","link":"https:\/\/bpf2023.flaw.uniba.sk\/en\/sekcia-teorie-prava-filozofie-prava\/","title":{"rendered":"Theory of Law and Philosophy of Law Section"},"content":{"rendered":"<h2 class=\"wp-block-heading alignwide has-text-align-center\">Legal Liability and Autonomy<\/h2>\n\n\n\n<p class=\"has-drop-cap\">The main interest rests in the exploration of different perspectives on complementarity of legal liability and autonomy. Legal philosopher Joel Feinberg in his third volume of his treatise Harm to Self (1986) differentiated four meanings of autonomy: as a condition, a right, an ideal and a capacity. What kind of shifts can be observed in contemporary interpretation of autonomy as self-determination? Which questions and issues arise for the understanding of legal liability, if the perspective on autonomy of human being is changing?<\/p>\n\n\n\n<p><strong>Guarantors of the section:<\/strong><\/p>\n\n\n\n<p>prof. JUDr. Mgr. Martina Gajdo\u0161ov\u00e1, PhD.<\/p>\n\n\n\n<p>prof. Mgr. \u013dubom\u00edr Batka, Dr. theol.<\/p>","protected":false},"excerpt":{"rendered":"<p>Pr\u00e1vna zodpovednos\u0165 a auton\u00f3mia Hlavn\u00fdm predmetom z\u00e1ujmu je sk\u00fama\u0165 r\u00f4zne poh\u013eady na komplementaritu pr\u00e1vnej zodpovednosti a auton\u00f3mie. Pr\u00e1vny filozof Joel Feinberg v tre\u0165om zv\u00e4zku svojho diela Harm to Self (1986) diferencoval \u0161tyri v\u00fdznamy auton\u00f3mie: ako stav (condition), pr\u00e1vo (right), ide\u00e1l (ideal) a schopnos\u0165 (capacity). Ak\u00e9 posuny mo\u017eno bada\u0165 v s\u00fa\u010dasnej interpret\u00e1cii auton\u00f3mie ako sebaur\u010denia? Ktor\u00e9 [&hellip;]<\/p>\n","protected":false},"author":2,"featured_media":0,"parent":0,"menu_order":0,"comment_status":"closed","ping_status":"closed","template":"","meta":{"ngg_post_thumbnail":0,"footnotes":""},"class_list":["post-399","page","type-page","status-publish","hentry"],"yoast_head":"<!-- This site is optimized with the Yoast SEO plugin v27.2 - https:\/\/yoast.com\/product\/yoast-seo-wordpress\/ -->\n<title>Sekcia te\u00f3rie pr\u00e1va a filozofie pr\u00e1va - BPF<\/title>\n<meta name=\"robots\" content=\"index, follow, max-snippet:-1, max-image-preview:large, max-video-preview:-1\" \/>\n<link rel=\"canonical\" href=\"https:\/\/bpf2023.flaw.uniba.sk\/en\/sekcia-teorie-prava-filozofie-prava\/\" \/>\n<meta property=\"og:locale\" content=\"en_US\" \/>\n<meta property=\"og:type\" content=\"article\" \/>\n<meta property=\"og:title\" content=\"Sekcia te\u00f3rie pr\u00e1va a filozofie pr\u00e1va - BPF\" \/>\n<meta property=\"og:description\" content=\"Pr\u00e1vna zodpovednos\u0165 a auton\u00f3mia Hlavn\u00fdm predmetom z\u00e1ujmu je sk\u00fama\u0165 r\u00f4zne poh\u013eady na komplementaritu pr\u00e1vnej zodpovednosti a auton\u00f3mie. Pr\u00e1vny filozof Joel Feinberg v tre\u0165om zv\u00e4zku svojho diela Harm to Self (1986) diferencoval \u0161tyri v\u00fdznamy auton\u00f3mie: ako stav (condition), pr\u00e1vo (right), ide\u00e1l (ideal) a schopnos\u0165 (capacity). Ak\u00e9 posuny mo\u017eno bada\u0165 v s\u00fa\u010dasnej interpret\u00e1cii auton\u00f3mie ako sebaur\u010denia? Ktor\u00e9 [&hellip;]\" \/>\n<meta property=\"og:url\" content=\"https:\/\/bpf2023.flaw.uniba.sk\/en\/sekcia-teorie-prava-filozofie-prava\/\" \/>\n<meta property=\"og:site_name\" content=\"BPF\" \/>\n<meta property=\"article:modified_time\" content=\"2023-06-19T08:24:42+00:00\" \/>\n<meta name=\"twitter:card\" content=\"summary_large_image\" \/>\n<meta name=\"twitter:label1\" content=\"Est. reading time\" \/>\n\t<meta name=\"twitter:data1\" content=\"1 minute\" \/>\n<script type=\"application\/ld+json\" class=\"yoast-schema-graph\">{\"@context\":\"https:\/\/schema.org\",\"@graph\":[{\"@type\":\"WebPage\",\"@id\":\"https:\/\/bpf2023.flaw.uniba.sk\/sekcia-teorie-prava-filozofie-prava\/\",\"url\":\"https:\/\/bpf2023.flaw.uniba.sk\/sekcia-teorie-prava-filozofie-prava\/\",\"name\":\"Sekcia te\u00f3rie pr\u00e1va a filozofie pr\u00e1va - BPF\",\"isPartOf\":{\"@id\":\"https:\/\/bpf2023.flaw.uniba.sk\/#website\"},\"datePublished\":\"2021-03-17T12:25:51+00:00\",\"dateModified\":\"2023-06-19T08:24:42+00:00\",\"breadcrumb\":{\"@id\":\"https:\/\/bpf2023.flaw.uniba.sk\/sekcia-teorie-prava-filozofie-prava\/#breadcrumb\"},\"inLanguage\":\"en-US\",\"potentialAction\":[{\"@type\":\"ReadAction\",\"target\":[\"https:\/\/bpf2023.flaw.uniba.sk\/sekcia-teorie-prava-filozofie-prava\/\"]}]},{\"@type\":\"BreadcrumbList\",\"@id\":\"https:\/\/bpf2023.flaw.uniba.sk\/sekcia-teorie-prava-filozofie-prava\/#breadcrumb\",\"itemListElement\":[{\"@type\":\"ListItem\",\"position\":1,\"name\":\"Home\",\"item\":\"https:\/\/bpf2023.flaw.uniba.sk\/\"},{\"@type\":\"ListItem\",\"position\":2,\"name\":\"Sekcia te\u00f3rie pr\u00e1va a filozofie pr\u00e1va\"}]},{\"@type\":\"WebSite\",\"@id\":\"https:\/\/bpf2023.flaw.uniba.sk\/#website\",\"url\":\"https:\/\/bpf2023.flaw.uniba.sk\/\",\"name\":\"BPF\",\"description\":\"\",\"publisher\":{\"@id\":\"https:\/\/bpf2023.flaw.uniba.sk\/#organization\"},\"potentialAction\":[{\"@type\":\"SearchAction\",\"target\":{\"@type\":\"EntryPoint\",\"urlTemplate\":\"https:\/\/bpf2023.flaw.uniba.sk\/?s={search_term_string}\"},\"query-input\":{\"@type\":\"PropertyValueSpecification\",\"valueRequired\":true,\"valueName\":\"search_term_string\"}}],\"inLanguage\":\"en-US\"},{\"@type\":\"Organization\",\"@id\":\"https:\/\/bpf2023.flaw.uniba.sk\/#organization\",\"name\":\"BPF\",\"url\":\"https:\/\/bpf2023.flaw.uniba.sk\/\",\"logo\":{\"@type\":\"ImageObject\",\"inLanguage\":\"en-US\",\"@id\":\"https:\/\/bpf2023.flaw.uniba.sk\/#\/schema\/logo\/image\/\",\"url\":\"https:\/\/bpf2023.flaw.uniba.sk\/wp-content\/uploads\/2023\/02\/sk-bpf-cb.png\",\"contentUrl\":\"https:\/\/bpf2023.flaw.uniba.sk\/wp-content\/uploads\/2023\/02\/sk-bpf-cb.png\",\"width\":3149,\"height\":1061,\"caption\":\"BPF\"},\"image\":{\"@id\":\"https:\/\/bpf2023.flaw.uniba.sk\/#\/schema\/logo\/image\/\"}}]}<\/script>\n<!-- \/ Yoast SEO plugin. -->","yoast_head_json":{"title":"Sekcia te\u00f3rie pr\u00e1va a filozofie pr\u00e1va - BPF","robots":{"index":"index","follow":"follow","max-snippet":"max-snippet:-1","max-image-preview":"max-image-preview:large","max-video-preview":"max-video-preview:-1"},"canonical":"https:\/\/bpf2023.flaw.uniba.sk\/en\/sekcia-teorie-prava-filozofie-prava\/","og_locale":"en_US","og_type":"article","og_title":"Sekcia te\u00f3rie pr\u00e1va a filozofie pr\u00e1va - BPF","og_description":"Pr\u00e1vna zodpovednos\u0165 a auton\u00f3mia Hlavn\u00fdm predmetom z\u00e1ujmu je sk\u00fama\u0165 r\u00f4zne poh\u013eady na komplementaritu pr\u00e1vnej zodpovednosti a auton\u00f3mie. Pr\u00e1vny filozof Joel Feinberg v tre\u0165om zv\u00e4zku svojho diela Harm to Self (1986) diferencoval \u0161tyri v\u00fdznamy auton\u00f3mie: ako stav (condition), pr\u00e1vo (right), ide\u00e1l (ideal) a schopnos\u0165 (capacity). Ak\u00e9 posuny mo\u017eno bada\u0165 v s\u00fa\u010dasnej interpret\u00e1cii auton\u00f3mie ako sebaur\u010denia? Ktor\u00e9 [&hellip;]","og_url":"https:\/\/bpf2023.flaw.uniba.sk\/en\/sekcia-teorie-prava-filozofie-prava\/","og_site_name":"BPF","article_modified_time":"2023-06-19T08:24:42+00:00","twitter_card":"summary_large_image","twitter_misc":{"Est. reading time":"1 minute"},"schema":{"@context":"https:\/\/schema.org","@graph":[{"@type":"WebPage","@id":"https:\/\/bpf2023.flaw.uniba.sk\/sekcia-teorie-prava-filozofie-prava\/","url":"https:\/\/bpf2023.flaw.uniba.sk\/sekcia-teorie-prava-filozofie-prava\/","name":"Sekcia te\u00f3rie pr\u00e1va a filozofie pr\u00e1va - BPF","isPartOf":{"@id":"https:\/\/bpf2023.flaw.uniba.sk\/#website"},"datePublished":"2021-03-17T12:25:51+00:00","dateModified":"2023-06-19T08:24:42+00:00","breadcrumb":{"@id":"https:\/\/bpf2023.flaw.uniba.sk\/sekcia-teorie-prava-filozofie-prava\/#breadcrumb"},"inLanguage":"en-US","potentialAction":[{"@type":"ReadAction","target":["https:\/\/bpf2023.flaw.uniba.sk\/sekcia-teorie-prava-filozofie-prava\/"]}]},{"@type":"BreadcrumbList","@id":"https:\/\/bpf2023.flaw.uniba.sk\/sekcia-teorie-prava-filozofie-prava\/#breadcrumb","itemListElement":[{"@type":"ListItem","position":1,"name":"Home","item":"https:\/\/bpf2023.flaw.uniba.sk\/"},{"@type":"ListItem","position":2,"name":"Sekcia te\u00f3rie pr\u00e1va a filozofie pr\u00e1va"}]},{"@type":"WebSite","@id":"https:\/\/bpf2023.flaw.uniba.sk\/#website","url":"https:\/\/bpf2023.flaw.uniba.sk\/","name":"BLF","description":"","publisher":{"@id":"https:\/\/bpf2023.flaw.uniba.sk\/#organization"},"potentialAction":[{"@type":"SearchAction","target":{"@type":"EntryPoint","urlTemplate":"https:\/\/bpf2023.flaw.uniba.sk\/?s={search_term_string}"},"query-input":{"@type":"PropertyValueSpecification","valueRequired":true,"valueName":"search_term_string"}}],"inLanguage":"en-US"},{"@type":"Organization","@id":"https:\/\/bpf2023.flaw.uniba.sk\/#organization","name":"BLF","url":"https:\/\/bpf2023.flaw.uniba.sk\/","logo":{"@type":"ImageObject","inLanguage":"en-US","@id":"https:\/\/bpf2023.flaw.uniba.sk\/#\/schema\/logo\/image\/","url":"https:\/\/bpf2023.flaw.uniba.sk\/wp-content\/uploads\/2023\/02\/sk-bpf-cb.png","contentUrl":"https:\/\/bpf2023.flaw.uniba.sk\/wp-content\/uploads\/2023\/02\/sk-bpf-cb.png","width":3149,"height":1061,"caption":"BPF"},"image":{"@id":"https:\/\/bpf2023.flaw.uniba.sk\/#\/schema\/logo\/image\/"}}]}},"_links":{"self":[{"href":"https:\/\/bpf2023.flaw.uniba.sk\/en\/wp-json\/wp\/v2\/pages\/399","targetHints":{"allow":["GET"]}}],"collection":[{"href":"https:\/\/bpf2023.flaw.uniba.sk\/en\/wp-json\/wp\/v2\/pages"}],"about":[{"href":"https:\/\/bpf2023.flaw.uniba.sk\/en\/wp-json\/wp\/v2\/types\/page"}],"author":[{"embeddable":true,"href":"https:\/\/bpf2023.flaw.uniba.sk\/en\/wp-json\/wp\/v2\/users\/2"}],"replies":[{"embeddable":true,"href":"https:\/\/bpf2023.flaw.uniba.sk\/en\/wp-json\/wp\/v2\/comments?post=399"}],"version-history":[{"count":9,"href":"https:\/\/bpf2023.flaw.uniba.sk\/en\/wp-json\/wp\/v2\/pages\/399\/revisions"}],"predecessor-version":[{"id":803,"href":"https:\/\/bpf2023.flaw.uniba.sk\/en\/wp-json\/wp\/v2\/pages\/399\/revisions\/803"}],"wp:attachment":[{"href":"https:\/\/bpf2023.flaw.uniba.sk\/en\/wp-json\/wp\/v2\/media?parent=399"}],"curies":[{"name":"wp","href":"https:\/\/api.w.org\/{rel}","templated":true}]}}

<h2 class="wp-block-heading alignwide has-text-align-center">Legal Liability and Autonomy</h2>



<p class="has-drop-cap">The main interest rests in the exploration of different perspectives on complementarity of legal liability and autonomy. Legal philosopher Joel Feinberg in his third volume of his treatise Harm to Self (1986) differentiated four meanings of autonomy: as a condition, a right, an ideal and a capacity. What kind of shifts can be observed in contemporary interpretation of autonomy as self-determination? Which questions and issues arise for the understanding of legal liability, if the perspective on autonomy of human being is changing?</p>



<p><strong>Guarantors of the section:</strong></p>



<p>prof. JUDr. Mgr. Martina Gajdošová, PhD.</p>



<p>prof. Mgr. Ľubomír Batka, Dr. theol.</p>

<p>Právna zodpovednosť a autonómia Hlavným predmetom záujmu je skúmať rôzne pohľady na komplementaritu právnej zodpovednosti a autonómie. Právny filozof Joel Feinberg v treťom zväzku svojho diela Harm to Self (1986) diferencoval štyri významy autonómie: ako stav (condition), právo (right), ideál (ideal) a schopnosť (capacity). Aké posuny možno badať v súčasnej interpretácii autonómie ako sebaurčenia? Ktoré [&hellip;]</p>

<!-- This site is optimized with the Yoast SEO plugin v27.2 - https://yoast.com/product/yoast-seo-wordpress/ -->
<title>Sekcia teórie práva a filozofie práva - BPF</title>
<meta name="robots" content="index, follow, max-snippet:-1, max-image-preview:large, max-video-preview:-1" />
<link rel="canonical" href="https://bpf2023.flaw.uniba.sk/en/sekcia-teorie-prava-filozofie-prava/" />
<meta property="og:locale" content="en_US" />
<meta property="og:type" content="article" />
<meta property="og:title" content="Sekcia teórie práva a filozofie práva - BPF" />
<meta property="og:description" content="Právna zodpovednosť a autonómia Hlavným predmetom záujmu je skúmať rôzne pohľady na komplementaritu právnej zodpovednosti a autonómie. Právny filozof Joel Feinberg v treťom zväzku svojho diela Harm to Self (1986) diferencoval štyri významy autonómie: ako stav (condition), právo (right), ideál (ideal) a schopnosť (capacity). Aké posuny možno badať v súčasnej interpretácii autonómie ako sebaurčenia? Ktoré [&hellip;]" />
<meta property="og:url" content="https://bpf2023.flaw.uniba.sk/en/sekcia-teorie-prava-filozofie-prava/" />
<meta property="og:site_name" content="BPF" />
<meta property="article:modified_time" content="2023-06-19T08:24:42+00:00" />
<meta name="twitter:card" content="summary_large_image" />
<meta name="twitter:label1" content="Est. reading time" />
	<meta name="twitter:data1" content="1 minute" />
<script type="application/ld+json" class="yoast-schema-graph">{"@context":"https://schema.org","@graph":[{"@type":"WebPage","@id":"https://bpf2023.flaw.uniba.sk/sekcia-teorie-prava-filozofie-prava/","url":"https://bpf2023.flaw.uniba.sk/sekcia-teorie-prava-filozofie-prava/","name":"Sekcia teórie práva a filozofie práva - BPF","isPartOf":{"@id":"https://bpf2023.flaw.uniba.sk/#website"},"datePublished":"2021-03-17T12:25:51+00:00","dateModified":"2023-06-19T08:24:42+00:00","breadcrumb":{"@id":"https://bpf2023.flaw.uniba.sk/sekcia-teorie-prava-filozofie-prava/#breadcrumb"},"inLanguage":"en-US","potentialAction":[{"@type":"ReadAction","target":["https://bpf2023.flaw.uniba.sk/sekcia-teorie-prava-filozofie-prava/"]}]},{"@type":"BreadcrumbList","@id":"https://bpf2023.flaw.uniba.sk/sekcia-teorie-prava-filozofie-prava/#breadcrumb","itemListElement":[{"@type":"ListItem","position":1,"name":"Home","item":"https://bpf2023.flaw.uniba.sk/"},{"@type":"ListItem","position":2,"name":"Sekcia teórie práva a filozofie práva"}]},{"@type":"WebSite","@id":"https://bpf2023.flaw.uniba.sk/#website","url":"https://bpf2023.flaw.uniba.sk/","name":"BPF","description":"","publisher":{"@id":"https://bpf2023.flaw.uniba.sk/#organization"},"potentialAction":[{"@type":"SearchAction","target":{"@type":"EntryPoint","urlTemplate":"https://bpf2023.flaw.uniba.sk/?s={search_term_string}"},"query-input":{"@type":"PropertyValueSpecification","valueRequired":true,"valueName":"search_term_string"}}],"inLanguage":"en-US"},{"@type":"Organization","@id":"https://bpf2023.flaw.uniba.sk/#organization","name":"BPF","url":"https://bpf2023.flaw.uniba.sk/","logo":{"@type":"ImageObject","inLanguage":"en-US","@id":"https://bpf2023.flaw.uniba.sk/#/schema/logo/image/","url":"https://bpf2023.flaw.uniba.sk/wp-content/uploads/2023/02/sk-bpf-cb.png","contentUrl":"https://bpf2023.flaw.uniba.sk/wp-content/uploads/2023/02/sk-bpf-cb.png","width":3149,"height":1061,"caption":"BPF"},"image":{"@id":"https://bpf2023.flaw.uniba.sk/#/schema/logo/image/"}}]}</script>
<!-- / Yoast SEO plugin. -->

Sekcia teórie práva a filozofie práva - BPF

Právna zodpovednosť a autonómia Hlavným predmetom záujmu je skúmať rôzne pohľady na komplementaritu právnej zodpovednosti a autonómie. Právny filozof Joel Feinberg v treťom zväzku svojho diela Harm to Self (1986) diferencoval štyri významy autonómie: ako stav (condition), právo (right), ideál (ideal) a schopnosť (capacity). Aké posuny možno badať v súčasnej interpretácii autonómie ako sebaurčenia? Ktoré [&hellip;]

Sekcia teórie práva a filozofie práva
