{"id":394,"date":"2021-03-17T13:24:39","date_gmt":"2021-03-17T12:24:39","guid":{"rendered":"https:\/\/bpf.flaw.uniba.sk\/?page_id=394"},"modified":"2023-08-14T13:57:51","modified_gmt":"2023-08-14T11:57:51","slug":"sekcia-obcianskeho-prava-2","status":"publish","type":"page","link":"https:\/\/bpf2023.flaw.uniba.sk\/en\/sekcia-obcianskeho-prava-2\/","title":{"rendered":"Civil Law section"},"content":{"rendered":"<h2 class=\"wp-block-heading alignwide has-text-align-center\">Autonomy of Subjects in the 21st Century<\/h2>\n\n\n\n<p>The autonomy of the subject, his will and actions, as one of the defining features of the system of private law, has always been a subject of interest for legal scholarship. However, recent technological and social developments, the rise and expansion of so-called artificial intelligence and its application also in private law relations, the development of diverse autonomous systems, and finally the legislator's interest in limiting autonomy in some cases, raise new questions related to the place and perspective of autonomy in the 21st century. The recruitment of new employees, the assessment of a debtor's creditworthiness or the operation of transport systems are only a fraction of the cases where humans are being replaced by machines and artificial intelligence, including in matters of volitional actions, which naturally brings new challenges also from the perspective of private law. At the same time, however, it should not be forgotten that the autonomy of legal subjects is also being limited de lege lata, and a critical assessment of these cases is therefore needed.\nThe aim of the chosen topic is to focus on all current and future issues related to the autonomy and freedom of the subjects of law in private law perspectives.<br>The aim of the chosen topic is to focus on all current and future issues related to the autonomy and freedom of the subjects of law in private law perspectives.<\/p>\n\n\n\n<p><strong>Professional partner of the section:<\/strong><\/p>\n\n\n\n<p>Ob\u010dianskopr\u00e1vne kol\u00e9gium Najvy\u0161\u0161ieho s\u00fadu SR<\/p>\n\n\n\n<figure class=\"wp-block-image size-full\"><img fetchpriority=\"high\" decoding=\"async\" width=\"549\" height=\"92\" src=\"https:\/\/bpf.flaw.uniba.sk\/wp-content\/uploads\/2023\/08\/NS-SR-1.png\" alt=\"\" class=\"wp-image-858\" srcset=\"https:\/\/bpf2023.flaw.uniba.sk\/wp-content\/uploads\/2023\/08\/NS-SR-1.png 549w, https:\/\/bpf2023.flaw.uniba.sk\/wp-content\/uploads\/2023\/08\/NS-SR-1-300x50.png 300w, https:\/\/bpf2023.flaw.uniba.sk\/wp-content\/uploads\/2023\/08\/NS-SR-1-18x3.png 18w\" sizes=\"(max-width: 549px) 100vw, 549px\" \/><\/figure>\n\n\n\n<p><strong>Guarantors of the section:<\/strong><\/p>\n\n\n\n<p>doc. JUDr. Martin Kri\u017ean, PhD.<\/p>\n\n\n\n<p>JUDr. Zuzana Klincov\u00e1, PhD.<\/p>","protected":false},"excerpt":{"rendered":"<p>Auton\u00f3mia subjektov v 21. storo\u010d\u00ed Auton\u00f3mia subjektu, jeho v\u00f4le a konania, ako jeden z vymedzuj\u00facich znakov syst\u00e9mu s\u00fakromn\u00e9ho pr\u00e1va, bola odnepam\u00e4ti predmetom z\u00e1ujmu pr\u00e1vnej vedy. Ostatn\u00fd technologick\u00fd a spolo\u010densk\u00fd v\u00fdvoj, rozmach a prienik tzv. umelej inteligencie a jej vyu\u017e\u00edvanie aj v s\u00fakromnopr\u00e1vnych vz\u0165ahoch, rozvoj rozmanit\u00fdch auton\u00f3mnych syst\u00e9mov, \u010di v neposlednom rade aj z\u00e1ujem z\u00e1konodarcu na [&hellip;]<\/p>\n","protected":false},"author":2,"featured_media":0,"parent":0,"menu_order":0,"comment_status":"closed","ping_status":"closed","template":"","meta":{"ngg_post_thumbnail":0,"footnotes":""},"class_list":["post-394","page","type-page","status-publish","hentry"],"yoast_head":"<!-- This site is optimized with the Yoast SEO plugin v27.2 - https:\/\/yoast.com\/product\/yoast-seo-wordpress\/ -->\n<title>Sekcia ob\u010dianskeho pr\u00e1va - BPF<\/title>\n<meta name=\"robots\" content=\"index, follow, max-snippet:-1, max-image-preview:large, max-video-preview:-1\" \/>\n<link rel=\"canonical\" href=\"https:\/\/bpf2023.flaw.uniba.sk\/en\/sekcia-obcianskeho-prava-2\/\" \/>\n<meta property=\"og:locale\" content=\"en_US\" \/>\n<meta property=\"og:type\" content=\"article\" \/>\n<meta property=\"og:title\" content=\"Sekcia ob\u010dianskeho pr\u00e1va - BPF\" \/>\n<meta property=\"og:description\" content=\"Auton\u00f3mia subjektov v 21. storo\u010d\u00ed Auton\u00f3mia subjektu, jeho v\u00f4le a konania, ako jeden z vymedzuj\u00facich znakov syst\u00e9mu s\u00fakromn\u00e9ho pr\u00e1va, bola odnepam\u00e4ti predmetom z\u00e1ujmu pr\u00e1vnej vedy. Ostatn\u00fd technologick\u00fd a spolo\u010densk\u00fd v\u00fdvoj, rozmach a prienik tzv. umelej inteligencie a jej vyu\u017e\u00edvanie aj v s\u00fakromnopr\u00e1vnych vz\u0165ahoch, rozvoj rozmanit\u00fdch auton\u00f3mnych syst\u00e9mov, \u010di v neposlednom rade aj z\u00e1ujem z\u00e1konodarcu na [&hellip;]\" \/>\n<meta property=\"og:url\" content=\"https:\/\/bpf2023.flaw.uniba.sk\/en\/sekcia-obcianskeho-prava-2\/\" \/>\n<meta property=\"og:site_name\" content=\"BPF\" \/>\n<meta property=\"article:modified_time\" content=\"2023-08-14T11:57:51+00:00\" \/>\n<meta property=\"og:image\" content=\"https:\/\/bpf.flaw.uniba.sk\/wp-content\/uploads\/2023\/08\/NS-SR-1.png\" \/>\n<meta name=\"twitter:card\" content=\"summary_large_image\" \/>\n<meta name=\"twitter:label1\" content=\"Est. reading time\" \/>\n\t<meta name=\"twitter:data1\" content=\"2 minutes\" \/>\n<script type=\"application\/ld+json\" class=\"yoast-schema-graph\">{\"@context\":\"https:\/\/schema.org\",\"@graph\":[{\"@type\":\"WebPage\",\"@id\":\"https:\/\/bpf2023.flaw.uniba.sk\/sekcia-obcianskeho-prava-2\/\",\"url\":\"https:\/\/bpf2023.flaw.uniba.sk\/sekcia-obcianskeho-prava-2\/\",\"name\":\"Sekcia ob\u010dianskeho pr\u00e1va - BPF\",\"isPartOf\":{\"@id\":\"https:\/\/bpf2023.flaw.uniba.sk\/#website\"},\"primaryImageOfPage\":{\"@id\":\"https:\/\/bpf2023.flaw.uniba.sk\/sekcia-obcianskeho-prava-2\/#primaryimage\"},\"image\":{\"@id\":\"https:\/\/bpf2023.flaw.uniba.sk\/sekcia-obcianskeho-prava-2\/#primaryimage\"},\"thumbnailUrl\":\"https:\/\/bpf.flaw.uniba.sk\/wp-content\/uploads\/2023\/08\/NS-SR-1.png\",\"datePublished\":\"2021-03-17T12:24:39+00:00\",\"dateModified\":\"2023-08-14T11:57:51+00:00\",\"breadcrumb\":{\"@id\":\"https:\/\/bpf2023.flaw.uniba.sk\/sekcia-obcianskeho-prava-2\/#breadcrumb\"},\"inLanguage\":\"en-US\",\"potentialAction\":[{\"@type\":\"ReadAction\",\"target\":[\"https:\/\/bpf2023.flaw.uniba.sk\/sekcia-obcianskeho-prava-2\/\"]}]},{\"@type\":\"ImageObject\",\"inLanguage\":\"en-US\",\"@id\":\"https:\/\/bpf2023.flaw.uniba.sk\/sekcia-obcianskeho-prava-2\/#primaryimage\",\"url\":\"https:\/\/bpf.flaw.uniba.sk\/wp-content\/uploads\/2023\/08\/NS-SR-1.png\",\"contentUrl\":\"https:\/\/bpf.flaw.uniba.sk\/wp-content\/uploads\/2023\/08\/NS-SR-1.png\"},{\"@type\":\"BreadcrumbList\",\"@id\":\"https:\/\/bpf2023.flaw.uniba.sk\/sekcia-obcianskeho-prava-2\/#breadcrumb\",\"itemListElement\":[{\"@type\":\"ListItem\",\"position\":1,\"name\":\"Home\",\"item\":\"https:\/\/bpf2023.flaw.uniba.sk\/\"},{\"@type\":\"ListItem\",\"position\":2,\"name\":\"Sekcia ob\u010dianskeho pr\u00e1va\"}]},{\"@type\":\"WebSite\",\"@id\":\"https:\/\/bpf2023.flaw.uniba.sk\/#website\",\"url\":\"https:\/\/bpf2023.flaw.uniba.sk\/\",\"name\":\"BPF\",\"description\":\"\",\"publisher\":{\"@id\":\"https:\/\/bpf2023.flaw.uniba.sk\/#organization\"},\"potentialAction\":[{\"@type\":\"SearchAction\",\"target\":{\"@type\":\"EntryPoint\",\"urlTemplate\":\"https:\/\/bpf2023.flaw.uniba.sk\/?s={search_term_string}\"},\"query-input\":{\"@type\":\"PropertyValueSpecification\",\"valueRequired\":true,\"valueName\":\"search_term_string\"}}],\"inLanguage\":\"en-US\"},{\"@type\":\"Organization\",\"@id\":\"https:\/\/bpf2023.flaw.uniba.sk\/#organization\",\"name\":\"BPF\",\"url\":\"https:\/\/bpf2023.flaw.uniba.sk\/\",\"logo\":{\"@type\":\"ImageObject\",\"inLanguage\":\"en-US\",\"@id\":\"https:\/\/bpf2023.flaw.uniba.sk\/#\/schema\/logo\/image\/\",\"url\":\"https:\/\/bpf2023.flaw.uniba.sk\/wp-content\/uploads\/2023\/02\/sk-bpf-cb.png\",\"contentUrl\":\"https:\/\/bpf2023.flaw.uniba.sk\/wp-content\/uploads\/2023\/02\/sk-bpf-cb.png\",\"width\":3149,\"height\":1061,\"caption\":\"BPF\"},\"image\":{\"@id\":\"https:\/\/bpf2023.flaw.uniba.sk\/#\/schema\/logo\/image\/\"}}]}<\/script>\n<!-- \/ Yoast SEO plugin. -->","yoast_head_json":{"title":"Sekcia ob\u010dianskeho pr\u00e1va - BPF","robots":{"index":"index","follow":"follow","max-snippet":"max-snippet:-1","max-image-preview":"max-image-preview:large","max-video-preview":"max-video-preview:-1"},"canonical":"https:\/\/bpf2023.flaw.uniba.sk\/en\/sekcia-obcianskeho-prava-2\/","og_locale":"en_US","og_type":"article","og_title":"Sekcia ob\u010dianskeho pr\u00e1va - BPF","og_description":"Auton\u00f3mia subjektov v 21. storo\u010d\u00ed Auton\u00f3mia subjektu, jeho v\u00f4le a konania, ako jeden z vymedzuj\u00facich znakov syst\u00e9mu s\u00fakromn\u00e9ho pr\u00e1va, bola odnepam\u00e4ti predmetom z\u00e1ujmu pr\u00e1vnej vedy. Ostatn\u00fd technologick\u00fd a spolo\u010densk\u00fd v\u00fdvoj, rozmach a prienik tzv. umelej inteligencie a jej vyu\u017e\u00edvanie aj v s\u00fakromnopr\u00e1vnych vz\u0165ahoch, rozvoj rozmanit\u00fdch auton\u00f3mnych syst\u00e9mov, \u010di v neposlednom rade aj z\u00e1ujem z\u00e1konodarcu na [&hellip;]","og_url":"https:\/\/bpf2023.flaw.uniba.sk\/en\/sekcia-obcianskeho-prava-2\/","og_site_name":"BPF","article_modified_time":"2023-08-14T11:57:51+00:00","og_image":[{"url":"https:\/\/bpf.flaw.uniba.sk\/wp-content\/uploads\/2023\/08\/NS-SR-1.png","type":"","width":"","height":""}],"twitter_card":"summary_large_image","twitter_misc":{"Est. reading time":"2 minutes"},"schema":{"@context":"https:\/\/schema.org","@graph":[{"@type":"WebPage","@id":"https:\/\/bpf2023.flaw.uniba.sk\/sekcia-obcianskeho-prava-2\/","url":"https:\/\/bpf2023.flaw.uniba.sk\/sekcia-obcianskeho-prava-2\/","name":"Sekcia ob\u010dianskeho pr\u00e1va - BPF","isPartOf":{"@id":"https:\/\/bpf2023.flaw.uniba.sk\/#website"},"primaryImageOfPage":{"@id":"https:\/\/bpf2023.flaw.uniba.sk\/sekcia-obcianskeho-prava-2\/#primaryimage"},"image":{"@id":"https:\/\/bpf2023.flaw.uniba.sk\/sekcia-obcianskeho-prava-2\/#primaryimage"},"thumbnailUrl":"https:\/\/bpf.flaw.uniba.sk\/wp-content\/uploads\/2023\/08\/NS-SR-1.png","datePublished":"2021-03-17T12:24:39+00:00","dateModified":"2023-08-14T11:57:51+00:00","breadcrumb":{"@id":"https:\/\/bpf2023.flaw.uniba.sk\/sekcia-obcianskeho-prava-2\/#breadcrumb"},"inLanguage":"en-US","potentialAction":[{"@type":"ReadAction","target":["https:\/\/bpf2023.flaw.uniba.sk\/sekcia-obcianskeho-prava-2\/"]}]},{"@type":"ImageObject","inLanguage":"en-US","@id":"https:\/\/bpf2023.flaw.uniba.sk\/sekcia-obcianskeho-prava-2\/#primaryimage","url":"https:\/\/bpf.flaw.uniba.sk\/wp-content\/uploads\/2023\/08\/NS-SR-1.png","contentUrl":"https:\/\/bpf.flaw.uniba.sk\/wp-content\/uploads\/2023\/08\/NS-SR-1.png"},{"@type":"BreadcrumbList","@id":"https:\/\/bpf2023.flaw.uniba.sk\/sekcia-obcianskeho-prava-2\/#breadcrumb","itemListElement":[{"@type":"ListItem","position":1,"name":"Home","item":"https:\/\/bpf2023.flaw.uniba.sk\/"},{"@type":"ListItem","position":2,"name":"Sekcia ob\u010dianskeho pr\u00e1va"}]},{"@type":"WebSite","@id":"https:\/\/bpf2023.flaw.uniba.sk\/#website","url":"https:\/\/bpf2023.flaw.uniba.sk\/","name":"BLF","description":"","publisher":{"@id":"https:\/\/bpf2023.flaw.uniba.sk\/#organization"},"potentialAction":[{"@type":"SearchAction","target":{"@type":"EntryPoint","urlTemplate":"https:\/\/bpf2023.flaw.uniba.sk\/?s={search_term_string}"},"query-input":{"@type":"PropertyValueSpecification","valueRequired":true,"valueName":"search_term_string"}}],"inLanguage":"en-US"},{"@type":"Organization","@id":"https:\/\/bpf2023.flaw.uniba.sk\/#organization","name":"BLF","url":"https:\/\/bpf2023.flaw.uniba.sk\/","logo":{"@type":"ImageObject","inLanguage":"en-US","@id":"https:\/\/bpf2023.flaw.uniba.sk\/#\/schema\/logo\/image\/","url":"https:\/\/bpf2023.flaw.uniba.sk\/wp-content\/uploads\/2023\/02\/sk-bpf-cb.png","contentUrl":"https:\/\/bpf2023.flaw.uniba.sk\/wp-content\/uploads\/2023\/02\/sk-bpf-cb.png","width":3149,"height":1061,"caption":"BPF"},"image":{"@id":"https:\/\/bpf2023.flaw.uniba.sk\/#\/schema\/logo\/image\/"}}]}},"_links":{"self":[{"href":"https:\/\/bpf2023.flaw.uniba.sk\/en\/wp-json\/wp\/v2\/pages\/394","targetHints":{"allow":["GET"]}}],"collection":[{"href":"https:\/\/bpf2023.flaw.uniba.sk\/en\/wp-json\/wp\/v2\/pages"}],"about":[{"href":"https:\/\/bpf2023.flaw.uniba.sk\/en\/wp-json\/wp\/v2\/types\/page"}],"author":[{"embeddable":true,"href":"https:\/\/bpf2023.flaw.uniba.sk\/en\/wp-json\/wp\/v2\/users\/2"}],"replies":[{"embeddable":true,"href":"https:\/\/bpf2023.flaw.uniba.sk\/en\/wp-json\/wp\/v2\/comments?post=394"}],"version-history":[{"count":5,"href":"https:\/\/bpf2023.flaw.uniba.sk\/en\/wp-json\/wp\/v2\/pages\/394\/revisions"}],"predecessor-version":[{"id":860,"href":"https:\/\/bpf2023.flaw.uniba.sk\/en\/wp-json\/wp\/v2\/pages\/394\/revisions\/860"}],"wp:attachment":[{"href":"https:\/\/bpf2023.flaw.uniba.sk\/en\/wp-json\/wp\/v2\/media?parent=394"}],"curies":[{"name":"wp","href":"https:\/\/api.w.org\/{rel}","templated":true}]}}

<h2 class="wp-block-heading alignwide has-text-align-center">Autonomy of Subjects in the 21st Century</h2>



<p>The autonomy of the subject, his will and actions, as one of the defining features of the system of private law, has always been a subject of interest for legal scholarship. However, recent technological and social developments, the rise and expansion of so-called artificial intelligence and its application also in private law relations, the development of diverse autonomous systems, and finally the legislator's interest in limiting autonomy in some cases, raise new questions related to the place and perspective of autonomy in the 21st century. The recruitment of new employees, the assessment of a debtor's creditworthiness or the operation of transport systems are only a fraction of the cases where humans are being replaced by machines and artificial intelligence, including in matters of volitional actions, which naturally brings new challenges also from the perspective of private law. At the same time, however, it should not be forgotten that the autonomy of legal subjects is also being limited de lege lata, and a critical assessment of these cases is therefore needed.
The aim of the chosen topic is to focus on all current and future issues related to the autonomy and freedom of the subjects of law in private law perspectives.<br>The aim of the chosen topic is to focus on all current and future issues related to the autonomy and freedom of the subjects of law in private law perspectives.</p>



<p><strong>Professional partner of the section:</strong></p>



<p>Občianskoprávne kolégium Najvyššieho súdu SR</p>



<figure class="wp-block-image size-full"><img fetchpriority="high" decoding="async" width="549" height="92" src="https://bpf.flaw.uniba.sk/wp-content/uploads/2023/08/NS-SR-1.png" alt="" class="wp-image-858" srcset="https://bpf2023.flaw.uniba.sk/wp-content/uploads/2023/08/NS-SR-1.png 549w, https://bpf2023.flaw.uniba.sk/wp-content/uploads/2023/08/NS-SR-1-300x50.png 300w, https://bpf2023.flaw.uniba.sk/wp-content/uploads/2023/08/NS-SR-1-18x3.png 18w" sizes="(max-width: 549px) 100vw, 549px" /></figure>



<p><strong>Guarantors of the section:</strong></p>



<p>doc. JUDr. Martin Križan, PhD.</p>



<p>JUDr. Zuzana Klincová, PhD.</p>

<p>Autonómia subjektov v 21. storočí Autonómia subjektu, jeho vôle a konania, ako jeden z vymedzujúcich znakov systému súkromného práva, bola odnepamäti predmetom záujmu právnej vedy. Ostatný technologický a spoločenský vývoj, rozmach a prienik tzv. umelej inteligencie a jej využívanie aj v súkromnoprávnych vzťahoch, rozvoj rozmanitých autonómnych systémov, či v neposlednom rade aj záujem zákonodarcu na [&hellip;]</p>

<!-- This site is optimized with the Yoast SEO plugin v27.2 - https://yoast.com/product/yoast-seo-wordpress/ -->
<title>Sekcia občianskeho práva - BPF</title>
<meta name="robots" content="index, follow, max-snippet:-1, max-image-preview:large, max-video-preview:-1" />
<link rel="canonical" href="https://bpf2023.flaw.uniba.sk/en/sekcia-obcianskeho-prava-2/" />
<meta property="og:locale" content="en_US" />
<meta property="og:type" content="article" />
<meta property="og:title" content="Sekcia občianskeho práva - BPF" />
<meta property="og:description" content="Autonómia subjektov v 21. storočí Autonómia subjektu, jeho vôle a konania, ako jeden z vymedzujúcich znakov systému súkromného práva, bola odnepamäti predmetom záujmu právnej vedy. Ostatný technologický a spoločenský vývoj, rozmach a prienik tzv. umelej inteligencie a jej využívanie aj v súkromnoprávnych vzťahoch, rozvoj rozmanitých autonómnych systémov, či v neposlednom rade aj záujem zákonodarcu na [&hellip;]" />
<meta property="og:url" content="https://bpf2023.flaw.uniba.sk/en/sekcia-obcianskeho-prava-2/" />
<meta property="og:site_name" content="BPF" />
<meta property="article:modified_time" content="2023-08-14T11:57:51+00:00" />
<meta property="og:image" content="https://bpf.flaw.uniba.sk/wp-content/uploads/2023/08/NS-SR-1.png" />
<meta name="twitter:card" content="summary_large_image" />
<meta name="twitter:label1" content="Est. reading time" />
	<meta name="twitter:data1" content="2 minutes" />
<script type="application/ld+json" class="yoast-schema-graph">{"@context":"https://schema.org","@graph":[{"@type":"WebPage","@id":"https://bpf2023.flaw.uniba.sk/sekcia-obcianskeho-prava-2/","url":"https://bpf2023.flaw.uniba.sk/sekcia-obcianskeho-prava-2/","name":"Sekcia občianskeho práva - BPF","isPartOf":{"@id":"https://bpf2023.flaw.uniba.sk/#website"},"primaryImageOfPage":{"@id":"https://bpf2023.flaw.uniba.sk/sekcia-obcianskeho-prava-2/#primaryimage"},"image":{"@id":"https://bpf2023.flaw.uniba.sk/sekcia-obcianskeho-prava-2/#primaryimage"},"thumbnailUrl":"https://bpf.flaw.uniba.sk/wp-content/uploads/2023/08/NS-SR-1.png","datePublished":"2021-03-17T12:24:39+00:00","dateModified":"2023-08-14T11:57:51+00:00","breadcrumb":{"@id":"https://bpf2023.flaw.uniba.sk/sekcia-obcianskeho-prava-2/#breadcrumb"},"inLanguage":"en-US","potentialAction":[{"@type":"ReadAction","target":["https://bpf2023.flaw.uniba.sk/sekcia-obcianskeho-prava-2/"]}]},{"@type":"ImageObject","inLanguage":"en-US","@id":"https://bpf2023.flaw.uniba.sk/sekcia-obcianskeho-prava-2/#primaryimage","url":"https://bpf.flaw.uniba.sk/wp-content/uploads/2023/08/NS-SR-1.png","contentUrl":"https://bpf.flaw.uniba.sk/wp-content/uploads/2023/08/NS-SR-1.png"},{"@type":"BreadcrumbList","@id":"https://bpf2023.flaw.uniba.sk/sekcia-obcianskeho-prava-2/#breadcrumb","itemListElement":[{"@type":"ListItem","position":1,"name":"Home","item":"https://bpf2023.flaw.uniba.sk/"},{"@type":"ListItem","position":2,"name":"Sekcia občianskeho práva"}]},{"@type":"WebSite","@id":"https://bpf2023.flaw.uniba.sk/#website","url":"https://bpf2023.flaw.uniba.sk/","name":"BPF","description":"","publisher":{"@id":"https://bpf2023.flaw.uniba.sk/#organization"},"potentialAction":[{"@type":"SearchAction","target":{"@type":"EntryPoint","urlTemplate":"https://bpf2023.flaw.uniba.sk/?s={search_term_string}"},"query-input":{"@type":"PropertyValueSpecification","valueRequired":true,"valueName":"search_term_string"}}],"inLanguage":"en-US"},{"@type":"Organization","@id":"https://bpf2023.flaw.uniba.sk/#organization","name":"BPF","url":"https://bpf2023.flaw.uniba.sk/","logo":{"@type":"ImageObject","inLanguage":"en-US","@id":"https://bpf2023.flaw.uniba.sk/#/schema/logo/image/","url":"https://bpf2023.flaw.uniba.sk/wp-content/uploads/2023/02/sk-bpf-cb.png","contentUrl":"https://bpf2023.flaw.uniba.sk/wp-content/uploads/2023/02/sk-bpf-cb.png","width":3149,"height":1061,"caption":"BPF"},"image":{"@id":"https://bpf2023.flaw.uniba.sk/#/schema/logo/image/"}}]}</script>
<!-- / Yoast SEO plugin. -->

Sekcia občianskeho práva - BPF

Autonómia subjektov v 21. storočí Autonómia subjektu, jeho vôle a konania, ako jeden z vymedzujúcich znakov systému súkromného práva, bola odnepamäti predmetom záujmu právnej vedy. Ostatný technologický a spoločenský vývoj, rozmach a prienik tzv. umelej inteligencie a jej využívanie aj v súkromnoprávnych vzťahoch, rozvoj rozmanitých autonómnych systémov, či v neposlednom rade aj záujem zákonodarcu na [&hellip;]

Sekcia občianskeho práva
