{"id":335,"date":"2021-03-17T13:09:48","date_gmt":"2021-03-17T12:09:48","guid":{"rendered":"https:\/\/bpf.flaw.uniba.sk\/?page_id=335"},"modified":"2023-06-19T10:06:28","modified_gmt":"2023-06-19T08:06:28","slug":"seckia-rimskeho-kanonickeho-a-cirkevneho-prava","status":"publish","type":"page","link":"https:\/\/bpf2023.flaw.uniba.sk\/en\/seckia-rimskeho-kanonickeho-a-cirkevneho-prava\/","title":{"rendered":"Roman Law, Canon Law and Ecclesiastical Law and Legal History and Comparative Law Section"},"content":{"rendered":"<h2 class=\"wp-block-heading alignwide has-text-align-center\">Confidence and Lack of Confidence in the Law, its Formulation and Implementation from Historical Perspective<\/h2>\n\n\n\n<p>The topic of the section is, first of all, the identification of traditional institutions in the law, the application of which is threatened by a crisis of confidence of those authorities, which formulate and implement the law. The level of confidence of both public legal and lay communities is threatened by an unqualified and situational approach to the process of formulation of law and arbitrariness, or an frivolous activist approach in its implementation in the administrative sphere, but above all in the judicial power. We want to point out the importance of historical memory and experience, that extend from the time of Roman law, which continue with Canon law, the reception of Roman law and the development of law in Hungary, respectively on the territory of Slovakia until the present day.<\/p>\n\n\n\n<p><strong>Guarantors of the section:<\/strong><\/p>\n\n\n\n<p>prof. Mgr. Miroslav Lys\u00fd, PhD.<\/p>\n\n\n\n<p>prof. JUDr. Mat\u00fa\u0161 Nemec, PhD.<\/p>\n\n\n\n<p>prof. JUDr. Mgr. Vojtech Vlad\u00e1r, PhD.<\/p>","protected":false},"excerpt":{"rendered":"<p>D\u00f4vera a ned\u00f4vera vo\u010di pr\u00e1vu, jeho tvorbe a jeho aplik\u00e1cii v historickom v\u00fdvoji T\u00e9mou sekcie je predov\u0161etk\u00fdm identifik\u00e1cia tradi\u010dn\u00fdch pr\u00e1vnych in\u0161tit\u00fatov, ktor\u00fdch uplat\u0148ovanie je ohrozen\u00e9 kr\u00edzou d\u00f4very vo\u010di t\u00fdm, ktor\u00ed pr\u00e1vo tvoria a aplikuj\u00fa. \u00darove\u0148 d\u00f4very verejnosti pr\u00e1vnickej aj laickej je ohrozovan\u00e1 nekvalifikovan\u00fdm a situa\u010dn\u00fdm pr\u00edstupom pri tvorbe pr\u00e1va a svojv\u00f4\u013eou, resp. neopodstatnen\u00fdm aktivistick\u00fdm pr\u00edstupom [&hellip;]<\/p>\n","protected":false},"author":2,"featured_media":0,"parent":0,"menu_order":0,"comment_status":"closed","ping_status":"closed","template":"","meta":{"ngg_post_thumbnail":0,"footnotes":""},"class_list":["post-335","page","type-page","status-publish","hentry"],"yoast_head":"<!-- This site is optimized with the Yoast SEO plugin v27.2 - https:\/\/yoast.com\/product\/yoast-seo-wordpress\/ -->\n<title>Sekcia r\u00edmskeho pr\u00e1va, k\u00e1nonick\u00e9ho, cirkevn\u00e9ho pr\u00e1va a pr\u00e1vnych dej\u00edn a pr\u00e1vnej komparatistiky - BPF<\/title>\n<meta name=\"robots\" content=\"index, follow, max-snippet:-1, max-image-preview:large, max-video-preview:-1\" \/>\n<link rel=\"canonical\" href=\"https:\/\/bpf2023.flaw.uniba.sk\/en\/seckia-rimskeho-kanonickeho-a-cirkevneho-prava\/\" \/>\n<meta property=\"og:locale\" content=\"en_US\" \/>\n<meta property=\"og:type\" content=\"article\" \/>\n<meta property=\"og:title\" content=\"Sekcia r\u00edmskeho pr\u00e1va, k\u00e1nonick\u00e9ho, cirkevn\u00e9ho pr\u00e1va a pr\u00e1vnych dej\u00edn a pr\u00e1vnej komparatistiky - BPF\" \/>\n<meta property=\"og:description\" content=\"D\u00f4vera a ned\u00f4vera vo\u010di pr\u00e1vu, jeho tvorbe a jeho aplik\u00e1cii v historickom v\u00fdvoji T\u00e9mou sekcie je predov\u0161etk\u00fdm identifik\u00e1cia tradi\u010dn\u00fdch pr\u00e1vnych in\u0161tit\u00fatov, ktor\u00fdch uplat\u0148ovanie je ohrozen\u00e9 kr\u00edzou d\u00f4very vo\u010di t\u00fdm, ktor\u00ed pr\u00e1vo tvoria a aplikuj\u00fa. \u00darove\u0148 d\u00f4very verejnosti pr\u00e1vnickej aj laickej je ohrozovan\u00e1 nekvalifikovan\u00fdm a situa\u010dn\u00fdm pr\u00edstupom pri tvorbe pr\u00e1va a svojv\u00f4\u013eou, resp. neopodstatnen\u00fdm aktivistick\u00fdm pr\u00edstupom [&hellip;]\" \/>\n<meta property=\"og:url\" content=\"https:\/\/bpf2023.flaw.uniba.sk\/en\/seckia-rimskeho-kanonickeho-a-cirkevneho-prava\/\" \/>\n<meta property=\"og:site_name\" content=\"BPF\" \/>\n<meta property=\"article:modified_time\" content=\"2023-06-19T08:06:28+00:00\" \/>\n<meta name=\"twitter:card\" content=\"summary_large_image\" \/>\n<meta name=\"twitter:label1\" content=\"Est. reading time\" \/>\n\t<meta name=\"twitter:data1\" content=\"1 minute\" \/>\n<script type=\"application\/ld+json\" class=\"yoast-schema-graph\">{\"@context\":\"https:\/\/schema.org\",\"@graph\":[{\"@type\":\"WebPage\",\"@id\":\"https:\/\/bpf2023.flaw.uniba.sk\/seckia-rimskeho-kanonickeho-a-cirkevneho-prava\/\",\"url\":\"https:\/\/bpf2023.flaw.uniba.sk\/seckia-rimskeho-kanonickeho-a-cirkevneho-prava\/\",\"name\":\"Sekcia r\u00edmskeho pr\u00e1va, k\u00e1nonick\u00e9ho, cirkevn\u00e9ho pr\u00e1va a pr\u00e1vnych dej\u00edn a pr\u00e1vnej komparatistiky - BPF\",\"isPartOf\":{\"@id\":\"https:\/\/bpf2023.flaw.uniba.sk\/#website\"},\"datePublished\":\"2021-03-17T12:09:48+00:00\",\"dateModified\":\"2023-06-19T08:06:28+00:00\",\"breadcrumb\":{\"@id\":\"https:\/\/bpf2023.flaw.uniba.sk\/seckia-rimskeho-kanonickeho-a-cirkevneho-prava\/#breadcrumb\"},\"inLanguage\":\"en-US\",\"potentialAction\":[{\"@type\":\"ReadAction\",\"target\":[\"https:\/\/bpf2023.flaw.uniba.sk\/seckia-rimskeho-kanonickeho-a-cirkevneho-prava\/\"]}]},{\"@type\":\"BreadcrumbList\",\"@id\":\"https:\/\/bpf2023.flaw.uniba.sk\/seckia-rimskeho-kanonickeho-a-cirkevneho-prava\/#breadcrumb\",\"itemListElement\":[{\"@type\":\"ListItem\",\"position\":1,\"name\":\"Home\",\"item\":\"https:\/\/bpf2023.flaw.uniba.sk\/\"},{\"@type\":\"ListItem\",\"position\":2,\"name\":\"Sekcia r\u00edmskeho pr\u00e1va, k\u00e1nonick\u00e9ho, cirkevn\u00e9ho pr\u00e1va a pr\u00e1vnych dej\u00edn a pr\u00e1vnej komparatistiky\"}]},{\"@type\":\"WebSite\",\"@id\":\"https:\/\/bpf2023.flaw.uniba.sk\/#website\",\"url\":\"https:\/\/bpf2023.flaw.uniba.sk\/\",\"name\":\"BPF\",\"description\":\"\",\"publisher\":{\"@id\":\"https:\/\/bpf2023.flaw.uniba.sk\/#organization\"},\"potentialAction\":[{\"@type\":\"SearchAction\",\"target\":{\"@type\":\"EntryPoint\",\"urlTemplate\":\"https:\/\/bpf2023.flaw.uniba.sk\/?s={search_term_string}\"},\"query-input\":{\"@type\":\"PropertyValueSpecification\",\"valueRequired\":true,\"valueName\":\"search_term_string\"}}],\"inLanguage\":\"en-US\"},{\"@type\":\"Organization\",\"@id\":\"https:\/\/bpf2023.flaw.uniba.sk\/#organization\",\"name\":\"BPF\",\"url\":\"https:\/\/bpf2023.flaw.uniba.sk\/\",\"logo\":{\"@type\":\"ImageObject\",\"inLanguage\":\"en-US\",\"@id\":\"https:\/\/bpf2023.flaw.uniba.sk\/#\/schema\/logo\/image\/\",\"url\":\"https:\/\/bpf2023.flaw.uniba.sk\/wp-content\/uploads\/2023\/02\/sk-bpf-cb.png\",\"contentUrl\":\"https:\/\/bpf2023.flaw.uniba.sk\/wp-content\/uploads\/2023\/02\/sk-bpf-cb.png\",\"width\":3149,\"height\":1061,\"caption\":\"BPF\"},\"image\":{\"@id\":\"https:\/\/bpf2023.flaw.uniba.sk\/#\/schema\/logo\/image\/\"}}]}<\/script>\n<!-- \/ Yoast SEO plugin. -->","yoast_head_json":{"title":"Sekcia r\u00edmskeho pr\u00e1va, k\u00e1nonick\u00e9ho, cirkevn\u00e9ho pr\u00e1va a pr\u00e1vnych dej\u00edn a pr\u00e1vnej komparatistiky - BPF","robots":{"index":"index","follow":"follow","max-snippet":"max-snippet:-1","max-image-preview":"max-image-preview:large","max-video-preview":"max-video-preview:-1"},"canonical":"https:\/\/bpf2023.flaw.uniba.sk\/en\/seckia-rimskeho-kanonickeho-a-cirkevneho-prava\/","og_locale":"en_US","og_type":"article","og_title":"Sekcia r\u00edmskeho pr\u00e1va, k\u00e1nonick\u00e9ho, cirkevn\u00e9ho pr\u00e1va a pr\u00e1vnych dej\u00edn a pr\u00e1vnej komparatistiky - BPF","og_description":"D\u00f4vera a ned\u00f4vera vo\u010di pr\u00e1vu, jeho tvorbe a jeho aplik\u00e1cii v historickom v\u00fdvoji T\u00e9mou sekcie je predov\u0161etk\u00fdm identifik\u00e1cia tradi\u010dn\u00fdch pr\u00e1vnych in\u0161tit\u00fatov, ktor\u00fdch uplat\u0148ovanie je ohrozen\u00e9 kr\u00edzou d\u00f4very vo\u010di t\u00fdm, ktor\u00ed pr\u00e1vo tvoria a aplikuj\u00fa. \u00darove\u0148 d\u00f4very verejnosti pr\u00e1vnickej aj laickej je ohrozovan\u00e1 nekvalifikovan\u00fdm a situa\u010dn\u00fdm pr\u00edstupom pri tvorbe pr\u00e1va a svojv\u00f4\u013eou, resp. neopodstatnen\u00fdm aktivistick\u00fdm pr\u00edstupom [&hellip;]","og_url":"https:\/\/bpf2023.flaw.uniba.sk\/en\/seckia-rimskeho-kanonickeho-a-cirkevneho-prava\/","og_site_name":"BPF","article_modified_time":"2023-06-19T08:06:28+00:00","twitter_card":"summary_large_image","twitter_misc":{"Est. reading time":"1 minute"},"schema":{"@context":"https:\/\/schema.org","@graph":[{"@type":"WebPage","@id":"https:\/\/bpf2023.flaw.uniba.sk\/seckia-rimskeho-kanonickeho-a-cirkevneho-prava\/","url":"https:\/\/bpf2023.flaw.uniba.sk\/seckia-rimskeho-kanonickeho-a-cirkevneho-prava\/","name":"Sekcia r\u00edmskeho pr\u00e1va, k\u00e1nonick\u00e9ho, cirkevn\u00e9ho pr\u00e1va a pr\u00e1vnych dej\u00edn a pr\u00e1vnej komparatistiky - BPF","isPartOf":{"@id":"https:\/\/bpf2023.flaw.uniba.sk\/#website"},"datePublished":"2021-03-17T12:09:48+00:00","dateModified":"2023-06-19T08:06:28+00:00","breadcrumb":{"@id":"https:\/\/bpf2023.flaw.uniba.sk\/seckia-rimskeho-kanonickeho-a-cirkevneho-prava\/#breadcrumb"},"inLanguage":"en-US","potentialAction":[{"@type":"ReadAction","target":["https:\/\/bpf2023.flaw.uniba.sk\/seckia-rimskeho-kanonickeho-a-cirkevneho-prava\/"]}]},{"@type":"BreadcrumbList","@id":"https:\/\/bpf2023.flaw.uniba.sk\/seckia-rimskeho-kanonickeho-a-cirkevneho-prava\/#breadcrumb","itemListElement":[{"@type":"ListItem","position":1,"name":"Home","item":"https:\/\/bpf2023.flaw.uniba.sk\/"},{"@type":"ListItem","position":2,"name":"Sekcia r\u00edmskeho pr\u00e1va, k\u00e1nonick\u00e9ho, cirkevn\u00e9ho pr\u00e1va a pr\u00e1vnych dej\u00edn a pr\u00e1vnej komparatistiky"}]},{"@type":"WebSite","@id":"https:\/\/bpf2023.flaw.uniba.sk\/#website","url":"https:\/\/bpf2023.flaw.uniba.sk\/","name":"BLF","description":"","publisher":{"@id":"https:\/\/bpf2023.flaw.uniba.sk\/#organization"},"potentialAction":[{"@type":"SearchAction","target":{"@type":"EntryPoint","urlTemplate":"https:\/\/bpf2023.flaw.uniba.sk\/?s={search_term_string}"},"query-input":{"@type":"PropertyValueSpecification","valueRequired":true,"valueName":"search_term_string"}}],"inLanguage":"en-US"},{"@type":"Organization","@id":"https:\/\/bpf2023.flaw.uniba.sk\/#organization","name":"BLF","url":"https:\/\/bpf2023.flaw.uniba.sk\/","logo":{"@type":"ImageObject","inLanguage":"en-US","@id":"https:\/\/bpf2023.flaw.uniba.sk\/#\/schema\/logo\/image\/","url":"https:\/\/bpf2023.flaw.uniba.sk\/wp-content\/uploads\/2023\/02\/sk-bpf-cb.png","contentUrl":"https:\/\/bpf2023.flaw.uniba.sk\/wp-content\/uploads\/2023\/02\/sk-bpf-cb.png","width":3149,"height":1061,"caption":"BPF"},"image":{"@id":"https:\/\/bpf2023.flaw.uniba.sk\/#\/schema\/logo\/image\/"}}]}},"_links":{"self":[{"href":"https:\/\/bpf2023.flaw.uniba.sk\/en\/wp-json\/wp\/v2\/pages\/335","targetHints":{"allow":["GET"]}}],"collection":[{"href":"https:\/\/bpf2023.flaw.uniba.sk\/en\/wp-json\/wp\/v2\/pages"}],"about":[{"href":"https:\/\/bpf2023.flaw.uniba.sk\/en\/wp-json\/wp\/v2\/types\/page"}],"author":[{"embeddable":true,"href":"https:\/\/bpf2023.flaw.uniba.sk\/en\/wp-json\/wp\/v2\/users\/2"}],"replies":[{"embeddable":true,"href":"https:\/\/bpf2023.flaw.uniba.sk\/en\/wp-json\/wp\/v2\/comments?post=335"}],"version-history":[{"count":8,"href":"https:\/\/bpf2023.flaw.uniba.sk\/en\/wp-json\/wp\/v2\/pages\/335\/revisions"}],"predecessor-version":[{"id":790,"href":"https:\/\/bpf2023.flaw.uniba.sk\/en\/wp-json\/wp\/v2\/pages\/335\/revisions\/790"}],"wp:attachment":[{"href":"https:\/\/bpf2023.flaw.uniba.sk\/en\/wp-json\/wp\/v2\/media?parent=335"}],"curies":[{"name":"wp","href":"https:\/\/api.w.org\/{rel}","templated":true}]}}

<h2 class="wp-block-heading alignwide has-text-align-center">Confidence and Lack of Confidence in the Law, its Formulation and Implementation from Historical Perspective</h2>



<p>The topic of the section is, first of all, the identification of traditional institutions in the law, the application of which is threatened by a crisis of confidence of those authorities, which formulate and implement the law. The level of confidence of both public legal and lay communities is threatened by an unqualified and situational approach to the process of formulation of law and arbitrariness, or an frivolous activist approach in its implementation in the administrative sphere, but above all in the judicial power. We want to point out the importance of historical memory and experience, that extend from the time of Roman law, which continue with Canon law, the reception of Roman law and the development of law in Hungary, respectively on the territory of Slovakia until the present day.</p>



<p><strong>Guarantors of the section:</strong></p>



<p>prof. Mgr. Miroslav Lysý, PhD.</p>



<p>prof. JUDr. Matúš Nemec, PhD.</p>



<p>prof. JUDr. Mgr. Vojtech Vladár, PhD.</p>

<p>Dôvera a nedôvera voči právu, jeho tvorbe a jeho aplikácii v historickom vývoji Témou sekcie je predovšetkým identifikácia tradičných právnych inštitútov, ktorých uplatňovanie je ohrozené krízou dôvery voči tým, ktorí právo tvoria a aplikujú. Úroveň dôvery verejnosti právnickej aj laickej je ohrozovaná nekvalifikovaným a situačným prístupom pri tvorbe práva a svojvôľou, resp. neopodstatneným aktivistickým prístupom [&hellip;]</p>

<!-- This site is optimized with the Yoast SEO plugin v27.2 - https://yoast.com/product/yoast-seo-wordpress/ -->
<title>Sekcia rímskeho práva, kánonického, cirkevného práva a právnych dejín a právnej komparatistiky - BPF</title>
<meta name="robots" content="index, follow, max-snippet:-1, max-image-preview:large, max-video-preview:-1" />
<link rel="canonical" href="https://bpf2023.flaw.uniba.sk/en/seckia-rimskeho-kanonickeho-a-cirkevneho-prava/" />
<meta property="og:locale" content="en_US" />
<meta property="og:type" content="article" />
<meta property="og:title" content="Sekcia rímskeho práva, kánonického, cirkevného práva a právnych dejín a právnej komparatistiky - BPF" />
<meta property="og:description" content="Dôvera a nedôvera voči právu, jeho tvorbe a jeho aplikácii v historickom vývoji Témou sekcie je predovšetkým identifikácia tradičných právnych inštitútov, ktorých uplatňovanie je ohrozené krízou dôvery voči tým, ktorí právo tvoria a aplikujú. Úroveň dôvery verejnosti právnickej aj laickej je ohrozovaná nekvalifikovaným a situačným prístupom pri tvorbe práva a svojvôľou, resp. neopodstatneným aktivistickým prístupom [&hellip;]" />
<meta property="og:url" content="https://bpf2023.flaw.uniba.sk/en/seckia-rimskeho-kanonickeho-a-cirkevneho-prava/" />
<meta property="og:site_name" content="BPF" />
<meta property="article:modified_time" content="2023-06-19T08:06:28+00:00" />
<meta name="twitter:card" content="summary_large_image" />
<meta name="twitter:label1" content="Est. reading time" />
	<meta name="twitter:data1" content="1 minute" />
<script type="application/ld+json" class="yoast-schema-graph">{"@context":"https://schema.org","@graph":[{"@type":"WebPage","@id":"https://bpf2023.flaw.uniba.sk/seckia-rimskeho-kanonickeho-a-cirkevneho-prava/","url":"https://bpf2023.flaw.uniba.sk/seckia-rimskeho-kanonickeho-a-cirkevneho-prava/","name":"Sekcia rímskeho práva, kánonického, cirkevného práva a právnych dejín a právnej komparatistiky - BPF","isPartOf":{"@id":"https://bpf2023.flaw.uniba.sk/#website"},"datePublished":"2021-03-17T12:09:48+00:00","dateModified":"2023-06-19T08:06:28+00:00","breadcrumb":{"@id":"https://bpf2023.flaw.uniba.sk/seckia-rimskeho-kanonickeho-a-cirkevneho-prava/#breadcrumb"},"inLanguage":"en-US","potentialAction":[{"@type":"ReadAction","target":["https://bpf2023.flaw.uniba.sk/seckia-rimskeho-kanonickeho-a-cirkevneho-prava/"]}]},{"@type":"BreadcrumbList","@id":"https://bpf2023.flaw.uniba.sk/seckia-rimskeho-kanonickeho-a-cirkevneho-prava/#breadcrumb","itemListElement":[{"@type":"ListItem","position":1,"name":"Home","item":"https://bpf2023.flaw.uniba.sk/"},{"@type":"ListItem","position":2,"name":"Sekcia rímskeho práva, kánonického, cirkevného práva a právnych dejín a právnej komparatistiky"}]},{"@type":"WebSite","@id":"https://bpf2023.flaw.uniba.sk/#website","url":"https://bpf2023.flaw.uniba.sk/","name":"BPF","description":"","publisher":{"@id":"https://bpf2023.flaw.uniba.sk/#organization"},"potentialAction":[{"@type":"SearchAction","target":{"@type":"EntryPoint","urlTemplate":"https://bpf2023.flaw.uniba.sk/?s={search_term_string}"},"query-input":{"@type":"PropertyValueSpecification","valueRequired":true,"valueName":"search_term_string"}}],"inLanguage":"en-US"},{"@type":"Organization","@id":"https://bpf2023.flaw.uniba.sk/#organization","name":"BPF","url":"https://bpf2023.flaw.uniba.sk/","logo":{"@type":"ImageObject","inLanguage":"en-US","@id":"https://bpf2023.flaw.uniba.sk/#/schema/logo/image/","url":"https://bpf2023.flaw.uniba.sk/wp-content/uploads/2023/02/sk-bpf-cb.png","contentUrl":"https://bpf2023.flaw.uniba.sk/wp-content/uploads/2023/02/sk-bpf-cb.png","width":3149,"height":1061,"caption":"BPF"},"image":{"@id":"https://bpf2023.flaw.uniba.sk/#/schema/logo/image/"}}]}</script>
<!-- / Yoast SEO plugin. -->

Sekcia rímskeho práva, kánonického, cirkevného práva a právnych dejín a právnej komparatistiky - BPF

Dôvera a nedôvera voči právu, jeho tvorbe a jeho aplikácii v historickom vývoji Témou sekcie je predovšetkým identifikácia tradičných právnych inštitútov, ktorých uplatňovanie je ohrozené krízou dôvery voči tým, ktorí právo tvoria a aplikujú. Úroveň dôvery verejnosti právnickej aj laickej je ohrozovaná nekvalifikovaným a situačným prístupom pri tvorbe práva a svojvôľou, resp. neopodstatneným aktivistickým prístupom [&hellip;]

Sekcia rímskeho práva, kánonického, cirkevného práva a právnych dejín a právnej komparatistiky
