{"id":325,"date":"2021-03-17T12:58:59","date_gmt":"2021-03-17T11:58:59","guid":{"rendered":"https:\/\/bpf.flaw.uniba.sk\/?page_id=325"},"modified":"2021-03-24T08:48:57","modified_gmt":"2021-03-24T07:48:57","slug":"vztahy-medzi-pravnickymi-profesiami","status":"publish","type":"page","link":"https:\/\/bpf2023.flaw.uniba.sk\/en\/vztahy-medzi-pravnickymi-profesiami\/","title":{"rendered":"Interdisciplinary section II"},"content":{"rendered":"<h2 class=\"alignwide has-text-align-center wp-block-heading\">Relations between legal professions<\/h2>\n\n\n\n<p class=\"has-drop-cap\">In practice, pursuit of a legal profession may encounter a couple of ethical issues arising from the cooperation and relationships among representatives of various judicial professions. Meetings and communication between professionals representing different legal professions is seen as a very sensitive issue. Even though the mere meeting and social networking cannot pose a problem, it is nevertheless clear that communication on pending case between a lawyer, prosecutor and a judge concerned is unacceptable. On the contrary, a friendly ordinary meeting of experts from the different fields of law should be considered as a creating an opportunity for the exchange of legal opinions. Also, any measures aimed at limiting personal contacts between the said persons are inadmissible because this may not refuse their right to participate in social events or to meet friends who carry out other legal profession.<\/p>","protected":false},"excerpt":{"rendered":"<p>Vz\u0165ahy medzi pr\u00e1vnick\u00fdmi profesiami V\u00fdkon pr\u00e1vnick\u00fdch profesi\u00ed m\u00f4\u017ee v praxi nar\u00e1\u017ea\u0165 na ot\u00e1zky etick\u00e9ho nastavenia vz\u00e1jomn\u00fdch vz\u0165ahov a kontaktu predstavite\u013eov odli\u0161n\u00fdch justi\u010dn\u00fdch profesi\u00ed a ich spolupr\u00e1ce. Jednou z citlivo vn\u00edman\u00fdch etick\u00fdch ot\u00e1zok je stret\u00e1vanie sa a komunik\u00e1cia z\u00e1stupcov r\u00f4znych justi\u010dn\u00fdch povolan\u00ed medzi sebou. Je zrejm\u00e9, \u017ee samotn\u00e9 stretnutie a spolo\u010densk\u00e9 kontakty nem\u00f4\u017eu by\u0165 probl\u00e9mom, ale [&hellip;]<\/p>\n","protected":false},"author":2,"featured_media":0,"parent":0,"menu_order":0,"comment_status":"closed","ping_status":"closed","template":"","meta":{"ngg_post_thumbnail":0,"footnotes":""},"class_list":["post-325","page","type-page","status-publish","hentry"],"yoast_head":"<!-- This site is optimized with the Yoast SEO plugin v27.2 - https:\/\/yoast.com\/product\/yoast-seo-wordpress\/ -->\n<title>Medzioborov\u00e1 sekcia II - BPF<\/title>\n<meta name=\"robots\" content=\"index, follow, max-snippet:-1, max-image-preview:large, max-video-preview:-1\" \/>\n<link rel=\"canonical\" href=\"https:\/\/bpf2023.flaw.uniba.sk\/en\/vztahy-medzi-pravnickymi-profesiami\/\" \/>\n<meta property=\"og:locale\" content=\"en_US\" \/>\n<meta property=\"og:type\" content=\"article\" \/>\n<meta property=\"og:title\" content=\"Medzioborov\u00e1 sekcia II - BPF\" \/>\n<meta property=\"og:description\" content=\"Vz\u0165ahy medzi pr\u00e1vnick\u00fdmi profesiami V\u00fdkon pr\u00e1vnick\u00fdch profesi\u00ed m\u00f4\u017ee v praxi nar\u00e1\u017ea\u0165 na ot\u00e1zky etick\u00e9ho nastavenia vz\u00e1jomn\u00fdch vz\u0165ahov a kontaktu predstavite\u013eov odli\u0161n\u00fdch justi\u010dn\u00fdch profesi\u00ed a ich spolupr\u00e1ce. Jednou z citlivo vn\u00edman\u00fdch etick\u00fdch ot\u00e1zok je stret\u00e1vanie sa a komunik\u00e1cia z\u00e1stupcov r\u00f4znych justi\u010dn\u00fdch povolan\u00ed medzi sebou. Je zrejm\u00e9, \u017ee samotn\u00e9 stretnutie a spolo\u010densk\u00e9 kontakty nem\u00f4\u017eu by\u0165 probl\u00e9mom, ale [&hellip;]\" \/>\n<meta property=\"og:url\" content=\"https:\/\/bpf2023.flaw.uniba.sk\/en\/vztahy-medzi-pravnickymi-profesiami\/\" \/>\n<meta property=\"og:site_name\" content=\"BPF\" \/>\n<meta property=\"article:modified_time\" content=\"2021-03-24T07:48:57+00:00\" \/>\n<meta name=\"twitter:card\" content=\"summary_large_image\" \/>\n<meta name=\"twitter:label1\" content=\"Est. reading time\" \/>\n\t<meta name=\"twitter:data1\" content=\"1 minute\" \/>\n<script type=\"application\/ld+json\" class=\"yoast-schema-graph\">{\"@context\":\"https:\/\/schema.org\",\"@graph\":[{\"@type\":\"WebPage\",\"@id\":\"https:\/\/bpf2023.flaw.uniba.sk\/vztahy-medzi-pravnickymi-profesiami\/\",\"url\":\"https:\/\/bpf2023.flaw.uniba.sk\/vztahy-medzi-pravnickymi-profesiami\/\",\"name\":\"Medzioborov\u00e1 sekcia II - BPF\",\"isPartOf\":{\"@id\":\"https:\/\/bpf2023.flaw.uniba.sk\/#website\"},\"datePublished\":\"2021-03-17T11:58:59+00:00\",\"dateModified\":\"2021-03-24T07:48:57+00:00\",\"breadcrumb\":{\"@id\":\"https:\/\/bpf2023.flaw.uniba.sk\/vztahy-medzi-pravnickymi-profesiami\/#breadcrumb\"},\"inLanguage\":\"en-US\",\"potentialAction\":[{\"@type\":\"ReadAction\",\"target\":[\"https:\/\/bpf2023.flaw.uniba.sk\/vztahy-medzi-pravnickymi-profesiami\/\"]}]},{\"@type\":\"BreadcrumbList\",\"@id\":\"https:\/\/bpf2023.flaw.uniba.sk\/vztahy-medzi-pravnickymi-profesiami\/#breadcrumb\",\"itemListElement\":[{\"@type\":\"ListItem\",\"position\":1,\"name\":\"Home\",\"item\":\"https:\/\/bpf2023.flaw.uniba.sk\/\"},{\"@type\":\"ListItem\",\"position\":2,\"name\":\"Medzioborov\u00e1 sekcia II\"}]},{\"@type\":\"WebSite\",\"@id\":\"https:\/\/bpf2023.flaw.uniba.sk\/#website\",\"url\":\"https:\/\/bpf2023.flaw.uniba.sk\/\",\"name\":\"BPF\",\"description\":\"\",\"publisher\":{\"@id\":\"https:\/\/bpf2023.flaw.uniba.sk\/#organization\"},\"potentialAction\":[{\"@type\":\"SearchAction\",\"target\":{\"@type\":\"EntryPoint\",\"urlTemplate\":\"https:\/\/bpf2023.flaw.uniba.sk\/?s={search_term_string}\"},\"query-input\":{\"@type\":\"PropertyValueSpecification\",\"valueRequired\":true,\"valueName\":\"search_term_string\"}}],\"inLanguage\":\"en-US\"},{\"@type\":\"Organization\",\"@id\":\"https:\/\/bpf2023.flaw.uniba.sk\/#organization\",\"name\":\"BPF\",\"url\":\"https:\/\/bpf2023.flaw.uniba.sk\/\",\"logo\":{\"@type\":\"ImageObject\",\"inLanguage\":\"en-US\",\"@id\":\"https:\/\/bpf2023.flaw.uniba.sk\/#\/schema\/logo\/image\/\",\"url\":\"https:\/\/bpf2023.flaw.uniba.sk\/wp-content\/uploads\/2023\/02\/sk-bpf-cb.png\",\"contentUrl\":\"https:\/\/bpf2023.flaw.uniba.sk\/wp-content\/uploads\/2023\/02\/sk-bpf-cb.png\",\"width\":3149,\"height\":1061,\"caption\":\"BPF\"},\"image\":{\"@id\":\"https:\/\/bpf2023.flaw.uniba.sk\/#\/schema\/logo\/image\/\"}}]}<\/script>\n<!-- \/ Yoast SEO plugin. -->","yoast_head_json":{"title":"Medzioborov\u00e1 sekcia II - BPF","robots":{"index":"index","follow":"follow","max-snippet":"max-snippet:-1","max-image-preview":"max-image-preview:large","max-video-preview":"max-video-preview:-1"},"canonical":"https:\/\/bpf2023.flaw.uniba.sk\/en\/vztahy-medzi-pravnickymi-profesiami\/","og_locale":"en_US","og_type":"article","og_title":"Medzioborov\u00e1 sekcia II - BPF","og_description":"Vz\u0165ahy medzi pr\u00e1vnick\u00fdmi profesiami V\u00fdkon pr\u00e1vnick\u00fdch profesi\u00ed m\u00f4\u017ee v praxi nar\u00e1\u017ea\u0165 na ot\u00e1zky etick\u00e9ho nastavenia vz\u00e1jomn\u00fdch vz\u0165ahov a kontaktu predstavite\u013eov odli\u0161n\u00fdch justi\u010dn\u00fdch profesi\u00ed a ich spolupr\u00e1ce. Jednou z citlivo vn\u00edman\u00fdch etick\u00fdch ot\u00e1zok je stret\u00e1vanie sa a komunik\u00e1cia z\u00e1stupcov r\u00f4znych justi\u010dn\u00fdch povolan\u00ed medzi sebou. Je zrejm\u00e9, \u017ee samotn\u00e9 stretnutie a spolo\u010densk\u00e9 kontakty nem\u00f4\u017eu by\u0165 probl\u00e9mom, ale [&hellip;]","og_url":"https:\/\/bpf2023.flaw.uniba.sk\/en\/vztahy-medzi-pravnickymi-profesiami\/","og_site_name":"BPF","article_modified_time":"2021-03-24T07:48:57+00:00","twitter_card":"summary_large_image","twitter_misc":{"Est. reading time":"1 minute"},"schema":{"@context":"https:\/\/schema.org","@graph":[{"@type":"WebPage","@id":"https:\/\/bpf2023.flaw.uniba.sk\/vztahy-medzi-pravnickymi-profesiami\/","url":"https:\/\/bpf2023.flaw.uniba.sk\/vztahy-medzi-pravnickymi-profesiami\/","name":"Medzioborov\u00e1 sekcia II - BPF","isPartOf":{"@id":"https:\/\/bpf2023.flaw.uniba.sk\/#website"},"datePublished":"2021-03-17T11:58:59+00:00","dateModified":"2021-03-24T07:48:57+00:00","breadcrumb":{"@id":"https:\/\/bpf2023.flaw.uniba.sk\/vztahy-medzi-pravnickymi-profesiami\/#breadcrumb"},"inLanguage":"en-US","potentialAction":[{"@type":"ReadAction","target":["https:\/\/bpf2023.flaw.uniba.sk\/vztahy-medzi-pravnickymi-profesiami\/"]}]},{"@type":"BreadcrumbList","@id":"https:\/\/bpf2023.flaw.uniba.sk\/vztahy-medzi-pravnickymi-profesiami\/#breadcrumb","itemListElement":[{"@type":"ListItem","position":1,"name":"Home","item":"https:\/\/bpf2023.flaw.uniba.sk\/"},{"@type":"ListItem","position":2,"name":"Medzioborov\u00e1 sekcia II"}]},{"@type":"WebSite","@id":"https:\/\/bpf2023.flaw.uniba.sk\/#website","url":"https:\/\/bpf2023.flaw.uniba.sk\/","name":"BLF","description":"","publisher":{"@id":"https:\/\/bpf2023.flaw.uniba.sk\/#organization"},"potentialAction":[{"@type":"SearchAction","target":{"@type":"EntryPoint","urlTemplate":"https:\/\/bpf2023.flaw.uniba.sk\/?s={search_term_string}"},"query-input":{"@type":"PropertyValueSpecification","valueRequired":true,"valueName":"search_term_string"}}],"inLanguage":"en-US"},{"@type":"Organization","@id":"https:\/\/bpf2023.flaw.uniba.sk\/#organization","name":"BLF","url":"https:\/\/bpf2023.flaw.uniba.sk\/","logo":{"@type":"ImageObject","inLanguage":"en-US","@id":"https:\/\/bpf2023.flaw.uniba.sk\/#\/schema\/logo\/image\/","url":"https:\/\/bpf2023.flaw.uniba.sk\/wp-content\/uploads\/2023\/02\/sk-bpf-cb.png","contentUrl":"https:\/\/bpf2023.flaw.uniba.sk\/wp-content\/uploads\/2023\/02\/sk-bpf-cb.png","width":3149,"height":1061,"caption":"BPF"},"image":{"@id":"https:\/\/bpf2023.flaw.uniba.sk\/#\/schema\/logo\/image\/"}}]}},"_links":{"self":[{"href":"https:\/\/bpf2023.flaw.uniba.sk\/en\/wp-json\/wp\/v2\/pages\/325","targetHints":{"allow":["GET"]}}],"collection":[{"href":"https:\/\/bpf2023.flaw.uniba.sk\/en\/wp-json\/wp\/v2\/pages"}],"about":[{"href":"https:\/\/bpf2023.flaw.uniba.sk\/en\/wp-json\/wp\/v2\/types\/page"}],"author":[{"embeddable":true,"href":"https:\/\/bpf2023.flaw.uniba.sk\/en\/wp-json\/wp\/v2\/users\/2"}],"replies":[{"embeddable":true,"href":"https:\/\/bpf2023.flaw.uniba.sk\/en\/wp-json\/wp\/v2\/comments?post=325"}],"version-history":[{"count":4,"href":"https:\/\/bpf2023.flaw.uniba.sk\/en\/wp-json\/wp\/v2\/pages\/325\/revisions"}],"predecessor-version":[{"id":428,"href":"https:\/\/bpf2023.flaw.uniba.sk\/en\/wp-json\/wp\/v2\/pages\/325\/revisions\/428"}],"wp:attachment":[{"href":"https:\/\/bpf2023.flaw.uniba.sk\/en\/wp-json\/wp\/v2\/media?parent=325"}],"curies":[{"name":"wp","href":"https:\/\/api.w.org\/{rel}","templated":true}]}}

<p>Vzťahy medzi právnickými profesiami Výkon právnických profesií môže v praxi narážať na otázky etického nastavenia vzájomných vzťahov a kontaktu predstaviteľov odlišných justičných profesií a ich spolupráce. Jednou z citlivo vnímaných etických otázok je stretávanie sa a komunikácia zástupcov rôznych justičných povolaní medzi sebou. Je zrejmé, že samotné stretnutie a spoločenské kontakty nemôžu byť problémom, ale [&hellip;]</p>

<!-- This site is optimized with the Yoast SEO plugin v27.2 - https://yoast.com/product/yoast-seo-wordpress/ -->
<title>Medzioborová sekcia II - BPF</title>
<meta name="robots" content="index, follow, max-snippet:-1, max-image-preview:large, max-video-preview:-1" />
<link rel="canonical" href="https://bpf2023.flaw.uniba.sk/en/vztahy-medzi-pravnickymi-profesiami/" />
<meta property="og:locale" content="en_US" />
<meta property="og:type" content="article" />
<meta property="og:title" content="Medzioborová sekcia II - BPF" />
<meta property="og:description" content="Vzťahy medzi právnickými profesiami Výkon právnických profesií môže v praxi narážať na otázky etického nastavenia vzájomných vzťahov a kontaktu predstaviteľov odlišných justičných profesií a ich spolupráce. Jednou z citlivo vnímaných etických otázok je stretávanie sa a komunikácia zástupcov rôznych justičných povolaní medzi sebou. Je zrejmé, že samotné stretnutie a spoločenské kontakty nemôžu byť problémom, ale [&hellip;]" />
<meta property="og:url" content="https://bpf2023.flaw.uniba.sk/en/vztahy-medzi-pravnickymi-profesiami/" />
<meta property="og:site_name" content="BPF" />
<meta property="article:modified_time" content="2021-03-24T07:48:57+00:00" />
<meta name="twitter:card" content="summary_large_image" />
<meta name="twitter:label1" content="Est. reading time" />
	<meta name="twitter:data1" content="1 minute" />
<script type="application/ld+json" class="yoast-schema-graph">{"@context":"https://schema.org","@graph":[{"@type":"WebPage","@id":"https://bpf2023.flaw.uniba.sk/vztahy-medzi-pravnickymi-profesiami/","url":"https://bpf2023.flaw.uniba.sk/vztahy-medzi-pravnickymi-profesiami/","name":"Medzioborová sekcia II - BPF","isPartOf":{"@id":"https://bpf2023.flaw.uniba.sk/#website"},"datePublished":"2021-03-17T11:58:59+00:00","dateModified":"2021-03-24T07:48:57+00:00","breadcrumb":{"@id":"https://bpf2023.flaw.uniba.sk/vztahy-medzi-pravnickymi-profesiami/#breadcrumb"},"inLanguage":"en-US","potentialAction":[{"@type":"ReadAction","target":["https://bpf2023.flaw.uniba.sk/vztahy-medzi-pravnickymi-profesiami/"]}]},{"@type":"BreadcrumbList","@id":"https://bpf2023.flaw.uniba.sk/vztahy-medzi-pravnickymi-profesiami/#breadcrumb","itemListElement":[{"@type":"ListItem","position":1,"name":"Home","item":"https://bpf2023.flaw.uniba.sk/"},{"@type":"ListItem","position":2,"name":"Medzioborová sekcia II"}]},{"@type":"WebSite","@id":"https://bpf2023.flaw.uniba.sk/#website","url":"https://bpf2023.flaw.uniba.sk/","name":"BPF","description":"","publisher":{"@id":"https://bpf2023.flaw.uniba.sk/#organization"},"potentialAction":[{"@type":"SearchAction","target":{"@type":"EntryPoint","urlTemplate":"https://bpf2023.flaw.uniba.sk/?s={search_term_string}"},"query-input":{"@type":"PropertyValueSpecification","valueRequired":true,"valueName":"search_term_string"}}],"inLanguage":"en-US"},{"@type":"Organization","@id":"https://bpf2023.flaw.uniba.sk/#organization","name":"BPF","url":"https://bpf2023.flaw.uniba.sk/","logo":{"@type":"ImageObject","inLanguage":"en-US","@id":"https://bpf2023.flaw.uniba.sk/#/schema/logo/image/","url":"https://bpf2023.flaw.uniba.sk/wp-content/uploads/2023/02/sk-bpf-cb.png","contentUrl":"https://bpf2023.flaw.uniba.sk/wp-content/uploads/2023/02/sk-bpf-cb.png","width":3149,"height":1061,"caption":"BPF"},"image":{"@id":"https://bpf2023.flaw.uniba.sk/#/schema/logo/image/"}}]}</script>
<!-- / Yoast SEO plugin. -->

Medzioborová sekcia II - BPF

Vzťahy medzi právnickými profesiami Výkon právnických profesií môže v praxi narážať na otázky etického nastavenia vzájomných vzťahov a kontaktu predstaviteľov odlišných justičných profesií a ich spolupráce. Jednou z citlivo vnímaných etických otázok je stretávanie sa a komunikácia zástupcov rôznych justičných povolaní medzi sebou. Je zrejmé, že samotné stretnutie a spoločenské kontakty nemôžu byť problémom, ale [&hellip;]

Medzioborová sekcia II
