{"version":"1.0","provider_name":"BLF","provider_url":"https:\/\/bpf2023.flaw.uniba.sk\/en","author_name":"Mat\u00fa\u0161 Mur\u00e1nsky","author_url":"https:\/\/bpf2023.flaw.uniba.sk\/en\/author\/muransky6\/","title":"Sekcia r\u00edmskeho pr\u00e1va, k\u00e1nonick\u00e9ho, cirkevn\u00e9ho pr\u00e1va a pr\u00e1vnych dej\u00edn a pr\u00e1vnej komparatistiky - BPF","type":"rich","width":600,"height":338,"html":"<blockquote class=\"wp-embedded-content\" data-secret=\"CAeF9KFn1e\"><a href=\"https:\/\/bpf2023.flaw.uniba.sk\/en\/seckia-rimskeho-kanonickeho-a-cirkevneho-prava\/\">Roman Law, Canon Law and Ecclesiastical Law and Legal History and Comparative Law Section<\/a><\/blockquote><iframe sandbox=\"allow-scripts\" security=\"restricted\" src=\"https:\/\/bpf2023.flaw.uniba.sk\/en\/seckia-rimskeho-kanonickeho-a-cirkevneho-prava\/embed\/#?secret=CAeF9KFn1e\" width=\"600\" height=\"338\" title=\"&#8220;Sekcia r\u00edmskeho pr\u00e1va, k\u00e1nonick\u00e9ho, cirkevn\u00e9ho pr\u00e1va a pr\u00e1vnych dej\u00edn a pr\u00e1vnej komparatistiky&#8221; &#8212; BPF\" data-secret=\"CAeF9KFn1e\" frameborder=\"0\" marginwidth=\"0\" marginheight=\"0\" scrolling=\"no\" class=\"wp-embedded-content\"><\/iframe><script>\n\/*! This file is auto-generated *\/\n!function(d,l){\"use strict\";l.querySelector&&d.addEventListener&&\"undefined\"!=typeof URL&&(d.wp=d.wp||{},d.wp.receiveEmbedMessage||(d.wp.receiveEmbedMessage=function(e){var t=e.data;if((t||t.secret||t.message||t.value)&&!\/[^a-zA-Z0-9]\/.test(t.secret)){for(var s,r,n,a=l.querySelectorAll('iframe[data-secret=\"'+t.secret+'\"]'),o=l.querySelectorAll('blockquote[data-secret=\"'+t.secret+'\"]'),c=new RegExp(\"^https?:$\",\"i\"),i=0;i<o.length;i++)o[i].style.display=\"none\";for(i=0;i<a.length;i++)s=a[i],e.source===s.contentWindow&&(s.removeAttribute(\"style\"),\"height\"===t.message?(1e3<(r=parseInt(t.value,10))?r=1e3:~~r<200&&(r=200),s.height=r):\"link\"===t.message&&(r=new URL(s.getAttribute(\"src\")),n=new URL(t.value),c.test(n.protocol))&&n.host===r.host&&l.activeElement===s&&(d.top.location.href=t.value))}},d.addEventListener(\"message\",d.wp.receiveEmbedMessage,!1),l.addEventListener(\"DOMContentLoaded\",function(){for(var e,t,s=l.querySelectorAll(\"iframe.wp-embedded-content\"),r=0;r<s.length;r++)(t=(e=s[r]).getAttribute(\"data-secret\"))||(t=Math.random().toString(36).substring(2,12),e.src+=\"#?secret=\"+t,e.setAttribute(\"data-secret\",t)),e.contentWindow.postMessage({message:\"ready\",secret:t},\"*\")},!1)))}(window,document);\n\/\/# sourceURL=https:\/\/bpf2023.flaw.uniba.sk\/wp-includes\/js\/wp-embed.min.js\n<\/script>","description":"D\u00f4vera a ned\u00f4vera vo\u010di pr\u00e1vu, jeho tvorbe a jeho aplik\u00e1cii v historickom v\u00fdvoji T\u00e9mou sekcie je predov\u0161etk\u00fdm identifik\u00e1cia tradi\u010dn\u00fdch pr\u00e1vnych in\u0161tit\u00fatov, ktor\u00fdch uplat\u0148ovanie je ohrozen\u00e9 kr\u00edzou d\u00f4very vo\u010di t\u00fdm, ktor\u00ed pr\u00e1vo tvoria a aplikuj\u00fa. \u00darove\u0148 d\u00f4very verejnosti pr\u00e1vnickej aj laickej je ohrozovan\u00e1 nekvalifikovan\u00fdm a situa\u010dn\u00fdm pr\u00edstupom pri tvorbe pr\u00e1va a svojv\u00f4\u013eou, resp. neopodstatnen\u00fdm aktivistick\u00fdm pr\u00edstupom [&hellip;]"}

Matúš Muránsky

Sekcia rímskeho práva, kánonického, cirkevného práva a právnych dejín a právnej komparatistiky - BPF

<blockquote class="wp-embedded-content" data-secret="CAeF9KFn1e"><a href="https://bpf2023.flaw.uniba.sk/en/seckia-rimskeho-kanonickeho-a-cirkevneho-prava/">Roman Law, Canon Law and Ecclesiastical Law and Legal History and Comparative Law Section</a></blockquote><iframe sandbox="allow-scripts" security="restricted" src="https://bpf2023.flaw.uniba.sk/en/seckia-rimskeho-kanonickeho-a-cirkevneho-prava/embed/#?secret=CAeF9KFn1e" width="600" height="338" title="&#8220;Sekcia rímskeho práva, kánonického, cirkevného práva a právnych dejín a právnej komparatistiky&#8221; &#8212; BPF" data-secret="CAeF9KFn1e" frameborder="0" marginwidth="0" marginheight="0" scrolling="no" class="wp-embedded-content"></iframe><script>
/*! This file is auto-generated */
!function(d,l){"use strict";l.querySelector&&d.addEventListener&&"undefined"!=typeof URL&&(d.wp=d.wp||{},d.wp.receiveEmbedMessage||(d.wp.receiveEmbedMessage=function(e){var t=e.data;if((t||t.secret||t.message||t.value)&&!/[^a-zA-Z0-9]/.test(t.secret)){for(var s,r,n,a=l.querySelectorAll('iframe[data-secret="'+t.secret+'"]'),o=l.querySelectorAll('blockquote[data-secret="'+t.secret+'"]'),c=new RegExp("^https?:$","i"),i=0;i<o.length;i++)o[i].style.display="none";for(i=0;i<a.length;i++)s=a[i],e.source===s.contentWindow&&(s.removeAttribute("style"),"height"===t.message?(1e3<(r=parseInt(t.value,10))?r=1e3:~~r<200&&(r=200),s.height=r):"link"===t.message&&(r=new URL(s.getAttribute("src")),n=new URL(t.value),c.test(n.protocol))&&n.host===r.host&&l.activeElement===s&&(d.top.location.href=t.value))}},d.addEventListener("message",d.wp.receiveEmbedMessage,!1),l.addEventListener("DOMContentLoaded",function(){for(var e,t,s=l.querySelectorAll("iframe.wp-embedded-content"),r=0;r<s.length;r++)(t=(e=s[r]).getAttribute("data-secret"))||(t=Math.random().toString(36).substring(2,12),e.src+="#?secret="+t,e.setAttribute("data-secret",t)),e.contentWindow.postMessage({message:"ready",secret:t},"*")},!1)))}(window,document);
//# sourceURL=https://bpf2023.flaw.uniba.sk/wp-includes/js/wp-embed.min.js
</script>

Dôvera a nedôvera voči právu, jeho tvorbe a jeho aplikácii v historickom vývoji Témou sekcie je predovšetkým identifikácia tradičných právnych inštitútov, ktorých uplatňovanie je ohrozené krízou dôvery voči tým, ktorí právo tvoria a aplikujú. Úroveň dôvery verejnosti právnickej aj laickej je ohrozovaná nekvalifikovaným a situačným prístupom pri tvorbe práva a svojvôľou, resp. neopodstatneným aktivistickým prístupom [&hellip;]
